-5 - 2/(2/3). Let v be -1 - (r + 3 + -2). What is the greatest common divisor of 18 and v?
6
Let o = 6 - 48. Let i = -24 - o. Calculate the highest common divisor of 12 and i.
6
Let n be -3 - -13 - (3 - 1). Let v = 11 + 29. Calculate the greatest common factor of v and n.
8
Let x(o) = o**3 - o**2 - 5*o + 84. Let h be x(0). What is the highest common divisor of 24 and h?
12
Let n be 4*10/(-4)*(31 + -33). Suppose 2 = -2*k + 22. What is the greatest common factor of n and k?
10
Let c be (-4)/((-24)/10)*3. Suppose -4*f = 25 + 31. Let s = -9 - f. Calculate the greatest common divisor of s and c.
5
Let g(j) = -j**2 - 10*j - 8. Let r be g(-6). Let l = -4 + r. Calculate the greatest common divisor of l and 4.
4
Suppose -k = 2*k. Let w be (1 - (-1 - k)) + 0. Let z(b) = -25*b + 93. Let j be z(3). Calculate the highest common divisor of w and j.
2
Suppose -4*m = 6 - 10. What is the highest common factor of 1 and m?
1
Let w(b) = 3*b**2 + 2*b + 7. Suppose f = -2*f - 51. Let a = 12 + f. Let j be w(a). Calculate the greatest common factor of j and 8.
8
Let h be (20/8 + -2)*36. What is the highest common divisor of h and 18?
18
Let h be ((-2)/(-5))/(2/(-10)). Let f = 2 + h. Suppose 2*p + f - 104 = 0. What is the highest common factor of p and 13?
13
Let h be 2/(-2) - 0 - -10. Let c be 1446/h + 6/(-9). What is the greatest common factor of 16 and c?
16
Let h = 10 - -16. Calculate the highest common factor of 13 and h.
13
Suppose 3*n = -3*n + 390. Let z(d) = -2*d - 7. Let y be z(-5). Suppose 130 = 5*b + s + 2*s, -y*b + 78 = s. Calculate the greatest common divisor of n and b.
13
Suppose 5*r - 3*r = 6. Suppose k = -d - 28, 22 = -d - 2*k + 4*k. Let x be (-205)/(-65) + 4/d. What is the highest common divisor of x and r?
3
Let f = 28 - 12. Suppose -7*m = -17 + 3. Calculate the greatest common divisor of m and f.
2
Suppose 144 = 4*t - 2*v, -t - 2*v = 2*v - 36. What is the highest common divisor of t and 396?
36
Suppose 57 = -5*f + 82. Suppose -30 = s - 3*s - 4*a, s + 5 = 2*a. Suppose s*m - 49 - 26 = 0. Calculate the greatest common factor of m and f.
5
Suppose -i = -114 - 51. Let d be 6/(0 - 2)*-1. Suppose -d*l + 25 = -20. Calculate the highest common divisor of l and i.
15
Let o(g) = 2*g - 3. Let t be o(2). Calculate the greatest common factor of t and 9.
1
Suppose 16 = 5*u + 1. Let i = -3 - -7. Suppose u*x - 64 = -5*m, -i*x + 3*m - 7*m = -72. Calculate the highest common divisor of x and 52.
13
Suppose 0 = -2*t - 3*t + 4*x + 81, 3*t + 4*x - 23 = 0. Let r = 55 + -26. Let h = r - 16. Calculate the greatest common divisor of h and t.
13
Suppose -3*l + 4*b + 3 = -b, -b = 0. Let i(s) be the first derivative of 4*s**4 - 1. Let t be i(l). What is the greatest common divisor of 24 and t?
8
Suppose -1310 = 5*w - 5*n, -4*w - 1467 + 434 = -n. Let x = w + 401. Calculate the highest common divisor of x and 16.
16
Let n = 2 + 6. Suppose 2*b + 3*b = -d - 18, 2*d - n = b. Let m be ((-15)/(-6) - 0)*d. Calculate the highest common factor of 40 and m.
5
Suppose -z + 0*z = 1. Let c be 4*(z + (-4)/(-2)). Calculate the greatest common divisor of c and 32.
4
Let p = -16 + 2. Let m(y) = -y**2 - 5*y + 4. Let c be m(-6). Let f = c - p. Calculate the highest common factor of 96 and f.
12
Let p be 2/2*(0 + 18). Let l be 4/(-14) + 2272/14. Calculate the highest common divisor of p and l.
18
Let f be (-6)/(-1)*1/2. Suppose 78 = 3*p - 4*w, -f*p - p = -w - 117. Calculate the highest common factor of p and 45.
15
Let x be 18/(-207) + 832/46. Let v be 16*-1*9*-1. What is the highest common factor of x and v?
18
Suppose 0 = -4*i - i. Suppose 2*w + i*w = 24. Let a = w + 4. Calculate the highest common divisor of 8 and a.
8
Suppose -4*k + g = 5*g - 188, -2*k + 97 = 3*g. Suppose 3*r + 2 = -2*m + 10, -2*r = -m + 4. What is the highest common factor of k and m?
4
Suppose 25 = 5*d, -d = -2*f + 4*f - 161. What is the highest common factor of 52 and f?
26
Suppose 3*w + x - 157 = 2*w, 0 = -2*w + 2*x + 298. Calculate the highest common factor of w and 17.
17
Suppose -4*m - j - 302 = 0, -194 = 5*m + j + 183. Suppose -3*d = d + 40. Let x = d - m. Calculate the highest common divisor of 26 and x.
13
Let o = -8 + 7. Let h be -1*(1/(-1) - o). Suppose -k - 2 = -5*m, -3*k - 2*m = -h*m - 62. What is the highest common divisor of k and 6?
6
Suppose 4*f = 2*b - 28, -4*f - f + 55 = 2*b. Let h be ((-161 - -4) + -3)/(-1). Calculate the greatest common divisor of b and h.
20
Let z = 30 + -13. Calculate the greatest common factor of z and 34.
17
Suppose 5 = -b + 22. Calculate the highest common divisor of 153 and b.
17
Let w = 49 + -21. Let l = 361 + -221. What is the highest common factor of l and w?
28
Let y = 9 + 3. Let t(h) = h**3 + 6*h**2 + 2*h - 7. Let j be t(-5). Calculate the greatest common divisor of j and y.
4
Let b = 6 + -1. Suppose 3*g + 62 = b*g. Let t be (g + -1 + 0)*1. Calculate the highest common factor of t and 10.
10
Let o(v) = v**2 - 3. Let r be o(3). Calculate the highest common factor of 6 and r.
6
Suppose -4*h = -9 + 1. Suppose h*z = 37 + 17. Suppose 8 + 46 = 6*j. Calculate the greatest common factor of z and j.
9
Let c(d) = -3*d + 3. Let b be c(-4). Suppose 40 + 50 = 2*x. Calculate the highest common divisor of x and b.
15
Suppose 5*v = 10 + 50. Suppose -2*p = -p - 84. Calculate the highest common divisor of p and v.
12
Let w be ((-1)/2)/((-7)/322). What is the highest common divisor of 46 and w?
23
Let x(z) = -z**2 - 6*z - 3. Let w be x(-5). What is the greatest common divisor of w and 18?
2
Let s = -45 + 8. Let k = s + 55. What is the highest common divisor of 6 and k?
6
Let o(p) = p**3 - 9*p**2 + 5*p - 9. Let i be o(9). What is the highest common factor of i and 4?
4
Suppose -4*u - 3*v + 67 = -41, 5*u = -v + 146. What is the highest common factor of 45 and u?
15
Let f = -6 - -12. Let x(j) = j**3 - 5*j**2 + 2*j - 8. Let d be x(f). What is the highest common factor of d and 10?
10
Let m(u) = 7*u - 7. Let k(h) = -20*h + 22. Let b(d) = -3*k(d) - 8*m(d). Let f be b(11). Calculate the highest common divisor of f and 51.
17
Suppose -4*f = -f - 42. Let p(i) = -3*i**3 - i**2 - 3*i - 2. Let h be p(-2). Let l = h - 10. What is the greatest common divisor of l and f?
14
Let h be (25 + 0)/((-2)/(-4)). What is the greatest common divisor of h and 75?
25
Let c = -5 - -5. Suppose 5*a + 4*l - 8 = c, -a - 5*l + 10 = -4*a. Let u be -1 + -2 + (a - -7). Calculate the greatest common divisor of u and 32.
4
Let a(r) = -r**3 - 4*r**2 - 4*r + 1. Suppose 6*o - o = -20. Let n be a(o). Let c = 89 - 38. What is the greatest common factor of c and n?
17
Suppose -4*x - 8 = -52. Let q = -116 - 148. Let c = -187 - q. What is the greatest common divisor of c and x?
11
Suppose 20*r - 26*r + 192 = 0. What is the highest common divisor of 80 and r?
16
Suppose -9*a + 4 = -8*a. What is the greatest common divisor of 18 and a?
2
Suppose 4*c + 3 = -u, -2*u + c = -5 - 7. Let k(i) = 16*i - 3. Let n be k(3). What is the highest common divisor of n and u?
5
Let t be -1 - (-11)/(-3)*-3. What is the highest common factor of t and 25?
5
Let q(r) = r**2 + r + 2. Let m be q(0). Suppose 5*a + 3*p = -0*p + 81, -m*a + 5*p = -20. Let o = -201 + 306. Calculate the highest common divisor of o and a.
15
Suppose -13*y + 143 = -0*y. Calculate the greatest common factor of 176 and y.
11
Let b = -16 + 25. Calculate the greatest common divisor of 81 and b.
9
Let t = 10 + -2. Calculate the greatest common divisor of 8 and t.
8
Let k(z) = 17*z - 18. Let p be k(9). What is the highest common divisor of 15 and p?
15
Let x be 99/3*(1 - -2). Suppose x = 5*t + l, -2*t - 3*t + 101 = -l. Calculate the highest common factor of t and 30.
10
Suppose 0 = -3*h + 29 + 1. Suppose 42 = 5*t + 12. Suppose 0 = 8*a - t*a - i - 77, a - 46 = -2*i. Calculate the highest common divisor of h and a.
10
Let g(y) = 28*y**3 + 2*y**2 - 2*y + 1. Let j be g(2). Suppose -6*d - 4*x + 188 = -2*d, j = 5*d + 2*x. Calculate the greatest common factor of 9 and d.
9
Let p be (1/(-2)*0)/(-1). Suppose p*o = 3*o - 9. What is the highest common divisor of o and 2?
1
Suppose -5*z + 360 = z. What is the greatest common divisor of 20 and z?
20
Let y = 2 + -2. Let t be (0 - -7)/(y + 1). What is the greatest common factor of t and 35?
7
Let n = 5 - 11. Let w = n - -6. Suppose -5*m - h + 3*h + 56 = w, 